{"id":1745,"date":"2018-09-24T09:20:27","date_gmt":"2018-09-24T07:20:27","guid":{"rendered":"https:\/\/cdrmuseudelapauma.cat\/worpre\/raco-dels-artesans-amb-calor-i-mes-public-especialitzat\/"},"modified":"2018-09-24T09:20:27","modified_gmt":"2018-09-24T07:20:27","slug":"raco-dels-artesans-amb-calor-i-mes-public-especialitzat","status":"publish","type":"page","link":"https:\/\/cdrmuseudelapauma.cat\/worpre\/raco-dels-artesans-amb-calor-i-mes-public-especialitzat\/","title":{"rendered":"Rac\u00f3 dels Artesans amb calor i m\u00e9s p\u00fablic especialitzat"},"content":{"rendered":"<p> \t<img decoding=\"async\" alt=\"\" src=\"images\/seccions\/noticies\/roser\/fira web.jpg\" style=\"width: 560px; height: 121px;\" \/><\/p>\n<p> \tArtesania amb onada de calor. Les altes temperatures de principis d&rsquo;agost no van ofegar l&rsquo;&egrave;xit de convocat&ograve;ria de la setzena edici&oacute; del Rac&oacute; dels Artesans, la Fira monogr&agrave;fica de les Fibres Vegetals del Mas de Barberans que va tenir lloc el cap de setmana 4 i 5 d&rsquo;agost i en la qual van posar parada una seixantena d&rsquo;artesans i artesanes d&rsquo;arreu del m&oacute;n. &nbsp;&Eacute;s complicat donar xifres d&rsquo;aflu&egrave;ncia de visitants ja que la fira &eacute;s gratu&iuml;ta, per&ograve; any rere any es pot copsar un increment del p&uacute;blic especialitzat, m&eacute;s predisposat a adquirir artesania.<\/p>\n<p>  <!--more-->  <\/p>\n<p> \tEls organitzadors, l&rsquo;Ajuntament del Mas de Barberans amb la col&middot;laboraci&oacute; amb l&#39;Associaci&oacute; de Cistellers de Catalunya, fan un balan&ccedil; molt positiu d&rsquo;aquesta setzena edici&oacute; i destaquen que la fira est&agrave; plenament consolidada tot i que encara pot cr&eacute;ixer una mica per la vessant de mostrar t&egrave;cniques i materials nous. De fet, dins el Fibres Campus aquesta aposta pels nous materials ja ha estat present, a trav&eacute;s d&rsquo;un dels tallers programats, en el qual l&rsquo;artesana Idoia Cuesta va ensenyar a bastir una bossa de m&agrave; amb <em>weawing sea grass<\/em>, una corda feta amb una planta marina anomenada <em>Zooestera<\/em>.<\/p>\n<p> \tPel que fa a les activitats paral&middot;leles i als tallers relacionats amb la fira tots van estar plens, tamb&eacute; el dels Fibres Campus. De cara a la propera edici&oacute; l&rsquo;organitzaci&oacute; es planteja la possibilitat de canviar l&rsquo;horari per evitar els moments de m&agrave;xima calor.<\/p>\n","protected":false},"excerpt":{"rendered":"<p>Artesania amb onada de calor. Les altes temperatures de principis [&hellip;]<\/p>\n","protected":false},"author":1,"featured_media":0,"parent":0,"menu_order":8,"comment_status":"closed","ping_status":"closed","template":"","meta":{"_uf_show_specific_survey":0,"_uf_disable_surveys":false,"footnotes":""},"class_list":["post-1745","page","type-page","status-publish","hentry"],"_links":{"self":[{"href":"https:\/\/cdrmuseudelapauma.cat\/worpre\/wp-json\/wp\/v2\/pages\/1745","targetHints":{"allow":["GET"]}}],"collection":[{"href":"https:\/\/cdrmuseudelapauma.cat\/worpre\/wp-json\/wp\/v2\/pages"}],"about":[{"href":"https:\/\/cdrmuseudelapauma.cat\/worpre\/wp-json\/wp\/v2\/types\/page"}],"author":[{"embeddable":true,"href":"https:\/\/cdrmuseudelapauma.cat\/worpre\/wp-json\/wp\/v2\/users\/1"}],"replies":[{"embeddable":true,"href":"https:\/\/cdrmuseudelapauma.cat\/worpre\/wp-json\/wp\/v2\/comments?post=1745"}],"version-history":[{"count":0,"href":"https:\/\/cdrmuseudelapauma.cat\/worpre\/wp-json\/wp\/v2\/pages\/1745\/revisions"}],"wp:attachment":[{"href":"https:\/\/cdrmuseudelapauma.cat\/worpre\/wp-json\/wp\/v2\/media?parent=1745"}],"curies":[{"name":"wp","href":"https:\/\/api.w.org\/{rel}","templated":true}]}}