{"id":963,"date":"2018-06-25T13:24:50","date_gmt":"2018-06-25T11:24:50","guid":{"rendered":"http:\/\/cdrmuseudelapauma.cat\/worpre\/?page_id=963"},"modified":"2026-05-02T11:16:43","modified_gmt":"2026-05-02T09:16:43","slug":"el-museu-pag","status":"publish","type":"page","link":"https:\/\/cdrmuseudelapauma.cat\/worpre\/el-museu-pag\/","title":{"rendered":"El Museu"},"content":{"rendered":"<div class=\"fusion-fullwidth fullwidth-box hundred-percent-fullwidth non-hundred-percent-height-scrolling fusion-equal-height-columns\"  style='background-color: #ffffff;background-position: center center;background-repeat: no-repeat;padding-top:0px;padding-right:0px;padding-bottom:0px;padding-left:0px;'><div class=\"fusion-builder-row fusion-row \"><div  class=\"fusion-layout-column fusion_builder_column fusion_builder_column_2_3  fusion-two-third fusion-column-first 2_3\"  style='margin-top:0px;margin-bottom:0px;'>\n\t\t\t\t\t<div class=\"fusion-column-wrapper\" style=\"padding: 30px 30px 30px 30px;background-position:left top;background-repeat:no-repeat;-webkit-background-size:cover;-moz-background-size:cover;-o-background-size:cover;background-size:cover;\"  data-bg-url=\"\">\n\t\t\t\t\t\t<div class=\"fusion-title title fusion-title-size-three\" style=\"margin-top:0px;margin-bottom:20px;\"><h3 class=\"title-heading-left\">El museu de la <em>pauma<\/em><\/h3><div class=\"title-sep-container\"><div class=\"title-sep sep-single\" style=\"border-color:#e0dede;\"><\/div><\/div><\/div><div class=\"fusion-text\"><p>El Centre de Desenvolupament Rural. Museu de la Pauma de Mas de Barberans es va inaugurar al maig del 2010 com un espai destinat a la realitzaci\u00f3 d\u2019accions que afavoreixin i diversifiquin el desenvolupament econ\u00f2mic local i territorial, aix\u00ed com la posada en valor d\u2019una part del patrimoni etnol\u00f2gic aut\u00f2cton que \u00e9s el treball de la pauma.<\/p>\n<p>Per no oblidar el tarann\u00e0 del desenvolupament rural s\u2019ha incl\u00f2s el col\u00b7lectiu d\u2019artesanes en actiu, sorgit dels cursos de formaci\u00f3, en el funcionament del centre. El centre externalitza els tallers al col\u00b7lectiu d\u2019artesanes i sempre \u00e9s possible la demostraci\u00f3 d\u2019ofici per part d\u2019una d\u2019elles, aix\u00ed com la compra i enc\u00e0rrecs personalitzats de peces d\u2019artesania de la pauma a la botiga del Museu.<\/p>\n<p>Activitats com la recerca, el programa pedag\u00f2gic de transmissi\u00f3 de l\u2019ofici, la creaci\u00f3 de nous productes conjugant la tradici\u00f3 i la modernitat, les demostracions artesanals, tallers en diferents fibres vegetals, tallers d\u2019aprendre a llatar adaptats a diferents edats i diferents nivells, prestaci\u00f3 de diferents serveis: consulta i pr\u00e8stec de peces tant del fons fotogr\u00e0fic com del fons de peces,exposcions permanents, exposicions temporals \u2026conviuen dins del Museu.<\/p>\n<\/div><div class=\"fusion-clearfix\"><\/div>\n\n\t\t\t\t\t<\/div>\n\t\t\t\t<\/div><div  class=\"fusion-layout-column fusion_builder_column fusion_builder_column_1_3  fusion-one-third fusion-column-last 1_3\"  style='margin-top:0px;margin-bottom:0px;'>\n\t\t\t\t\t<div class=\"fusion-column-wrapper\" style=\"padding: 0px 0px 0px 0px;background-image: url('https:\/\/cdrmuseudelapauma.cat\/worpre\/wp-content\/uploads\/2019\/01\/foto-pauma-2.jpg');background-position:center center;background-repeat:no-repeat;-webkit-background-size:cover;-moz-background-size:cover;-o-background-size:cover;background-size:cover;\"  data-bg-url=\"https:\/\/cdrmuseudelapauma.cat\/worpre\/wp-content\/uploads\/2019\/01\/foto-pauma-2.jpg\">\n\t\t\t\t\t\t<div class=\"fusion-clearfix\"><\/div>\n\n\t\t\t\t\t<\/div>\n\t\t\t\t<\/div><\/div><\/div><div class=\"fusion-fullwidth fullwidth-box hundred-percent-fullwidth non-hundred-percent-height-scrolling fusion-equal-height-columns\"  style='background-color: #f6f6f6;background-position: center center;background-repeat: no-repeat;padding-top:0px;padding-right:0px;padding-bottom:0px;padding-left:0px;'><div class=\"fusion-builder-row fusion-row \"><div  class=\"fusion-layout-column fusion_builder_column fusion_builder_column_1_3  fusion-one-third fusion-column-first 1_3\"  style='margin-top:0px;margin-bottom:0px;'>\n\t\t\t\t\t<div class=\"fusion-column-wrapper\" style=\"padding: 0px 0px 0px 0px;background-image: url('https:\/\/cdrmuseudelapauma.cat\/worpre\/wp-content\/uploads\/2019\/01\/foto-pauma.jpg');background-position:center center;background-repeat:no-repeat;-webkit-background-size:cover;-moz-background-size:cover;-o-background-size:cover;background-size:cover;\"  data-bg-url=\"https:\/\/cdrmuseudelapauma.cat\/worpre\/wp-content\/uploads\/2019\/01\/foto-pauma.jpg\">\n\t\t\t\t\t\t<div class=\"fusion-clearfix\"><\/div>\n\n\t\t\t\t\t<\/div>\n\t\t\t\t<\/div><div  class=\"fusion-layout-column fusion_builder_column fusion_builder_column_2_3  fusion-two-third fusion-column-last 2_3\"  style='margin-top:0px;margin-bottom:0px;'>\n\t\t\t\t\t<div class=\"fusion-column-wrapper\" style=\"padding: 30px 30px 30px 30px;background-position:left top;background-repeat:no-repeat;-webkit-background-size:cover;-moz-background-size:cover;-o-background-size:cover;background-size:cover;\"  data-bg-url=\"\">\n\t\t\t\t\t\t<div class=\"fusion-title title fusion-title-size-three\" style=\"margin-top:0px;margin-bottom:20px;\"><h3 class=\"title-heading-left\">Horaris i preus<\/h3><div class=\"title-sep-container\"><div class=\"title-sep sep-single\" style=\"border-color:#e0dede;\"><\/div><\/div><\/div><div class=\"fusion-text\"><p>\u00a0<strong style=\"font-size: revert; color: initial;\">Horari:<\/strong>\n<p>De dimarts a diumenge, de\u00a0 9:30 a 14:00 h.<\/p>\n<p><span style=\"color: #000000;\"><strong>Tancat:<\/strong><\/span><\/p>\n<p>Tots els dilluns no festius de l\u2019any.<\/p>\n<p>Els dies 1 i 6 de gener, 25 i 26 d\u2019abril i 25 i 26 de desembre<\/p>\n<p>Es poden concertar visites guiades i tallers a la carta al correu: info@cdrmuseudelapauma.cat o al tel\u00e8fon 977053778<\/p>\n<h4><strong>Preus:<\/strong><\/h4>\n<ul>\n<li>2&#8217;00 \u20ac -&gt; entrada normal<\/li>\n<li>1&#8217;50 \u20ac -&gt; entrada preu redu\u00eft *<\/li>\n<li>2&#8217;50 \u20ac -&gt; visita guiada<\/li>\n<li>1&#8217;50 \u20ac -&gt; visita guiada preu redu\u00eft **<\/li>\n<\/ul>\n<div>\n<p>* Tenen dret a la tarifa redu\u00efda: persones entre 6 i 18 anys; grups de 15 o m\u00e9s; fam\u00edlies monoparentals; majors de 65 anys; fam\u00edlies nombroses; aturats.<br \/>** Grups de 15 persones o m\u00e9s.<br \/>Tenen dret a gratu\u00eftat: menors de 5 anys; residents a Mas de Barberans; persones discapacitades.<\/p>\n<p><strong>Compromesos amb el turisme sostenible al Parc Natural dels Ports<\/strong><\/p>\n<p>Des del 2024 el Centre de Desenvolupament Rural Museu de la Pauma est\u00e0 acreditat amb la\u00a0<strong>Carta Europea de Turisme Sostenible (CETS)<\/strong>, una iniciativa impulsada per la Federaci\u00f3 EUROPARC que promou un turisme responsable als espais naturals protegits. Aquesta acreditaci\u00f3 reconeix el nostre\u00a0<strong>comprom\u00eds amb la sostenibilitat ambiental, el desenvolupament local i la conservaci\u00f3 del patrimoni natural i cultural<\/strong>.<br \/>Col\u00b7laborem amb el\u00a0<strong>Parc Natural dels Ports<\/strong>\u00a0per oferir experi\u00e8ncies tur\u00edstiques de qualitat, respectuoses amb l&#8217;entorn i amb les persones que hi viuen, contribuint a preservar aquest territori \u00fanic perqu\u00e8 en puguem gaudir avui i dem\u00e0.<\/p>\n\n<p><img loading=\"lazy\" decoding=\"async\" class=\"alignnone size-medium wp-image-8141\" src=\"https:\/\/cdrmuseudelapauma.cat\/worpre\/wp-content\/uploads\/2025\/11\/Catalan_Charter-Logo-Partners_transp-300x138.png\" alt=\"\" width=\"300\" height=\"138\" srcset=\"https:\/\/cdrmuseudelapauma.cat\/worpre\/wp-content\/uploads\/2025\/11\/Catalan_Charter-Logo-Partners_transp-200x92.png 200w, https:\/\/cdrmuseudelapauma.cat\/worpre\/wp-content\/uploads\/2025\/11\/Catalan_Charter-Logo-Partners_transp-300x138.png 300w, https:\/\/cdrmuseudelapauma.cat\/worpre\/wp-content\/uploads\/2025\/11\/Catalan_Charter-Logo-Partners_transp-400x184.png 400w, https:\/\/cdrmuseudelapauma.cat\/worpre\/wp-content\/uploads\/2025\/11\/Catalan_Charter-Logo-Partners_transp-600x277.png 600w, https:\/\/cdrmuseudelapauma.cat\/worpre\/wp-content\/uploads\/2025\/11\/Catalan_Charter-Logo-Partners_transp.png 640w\" sizes=\"auto, (max-width: 300px) 100vw, 300px\" \/><\/p>\n<\/div>\n<\/div><div class=\"fusion-clearfix\"><\/div>\n\n\t\t\t\t\t<\/div>\n\t\t\t\t<\/div><\/div><\/div><div class=\"fusion-fullwidth fullwidth-box hundred-percent-fullwidth non-hundred-percent-height-scrolling fusion-equal-height-columns\"  style='background-color: #ffffff;background-position: center center;background-repeat: no-repeat;padding-top:0px;padding-right:0px;padding-bottom:0px;padding-left:0px;'><div class=\"fusion-builder-row fusion-row \"><div  class=\"fusion-layout-column fusion_builder_column fusion_builder_column_2_3  fusion-two-third fusion-column-first 2_3\"  style='margin-top:0px;margin-bottom:0px;'>\n\t\t\t\t\t<div class=\"fusion-column-wrapper\" style=\"padding: 30px 30px 30px 30px;background-position:left top;background-repeat:no-repeat;-webkit-background-size:cover;-moz-background-size:cover;-o-background-size:cover;background-size:cover;\"  data-bg-url=\"\">\n\t\t\t\t\t\t<div class=\"fusion-title title fusion-title-size-three\" style=\"margin-top:0px;margin-bottom:20px;\"><h3 class=\"title-heading-left\">Com arribar<\/h3><div class=\"title-sep-container\"><div class=\"title-sep sep-single\" style=\"border-color:#e0dede;\"><\/div><\/div><\/div><div class=\"fusion-text\"><p>Mas de Barberans est\u00e0 situat a la comarca del Montsi\u00e0, prov\u00edncia de Tarragona, i a 25Km aprox. de les prov\u00edncies de Terol i Castell\u00f3. Algunes de les poblacions properes m\u00e9s conegudes s\u00f3n Tortosa, Amposta, La R\u00e0pita, Ulldecona, o la S\u00e9nia entre d&#8217;altres. Tamb\u00e9 estan a prop: Beseit, Arnes, i Horta de Sant Joan, que queden darrera el Mass\u00eds dels Ports.<\/p>\n<ul>\n<li>Venint del nord, cal anar per l&#8217;eix de l&#8217;Ebre (ctra. C-12) fins a Tortosa. Despr\u00e9s T-3421 fins Mas de Barberans.<\/li>\n<li>Venint del nord-est, des de Tarragona o Barcelona, cal sortir per l&#8217;autopista a l&#8217;altura de Tortosa\/l&#8217;Aldea, o a Amposta.<\/li>\n<li>Si es ve del sud, es pot arribar passant per Ulldecona, Sant Rafel del Riu i la S\u00e9nia.<\/li>\n<\/ul>\n<p>Per arribar a Mas de Barberans en transport p\u00fablic hi ha servei d\u2019<strong>autob\u00fas<\/strong>, podeu consultar els horaris al seg\u00fcent enllla\u00e7:<\/p>\n<div class=\"wp-block-columns\">\n<div class=\"wp-block-column\"><a class=\"lsvr-feature__title-link\" href=\"http:\/\/www.hife.es\/\">WEB: Hife, l\u00ednies urbanes de bus<\/a><\/div>\n<div>\u00a0<\/div>\n<div class=\"wp-block-column\">S\u2019ofereix servei de\u00a0<strong>taxi\u00a0<\/strong>les 24 hores.<\/div>\n<\/div>\n<\/div><div class=\"fusion-clearfix\"><\/div>\n\n\t\t\t\t\t<\/div>\n\t\t\t\t<\/div><div  class=\"fusion-layout-column fusion_builder_column fusion_builder_column_1_3  fusion-one-third fusion-column-last 1_3\"  style='margin-top:0px;margin-bottom:0px;'>\n\t\t\t\t\t<div class=\"fusion-column-wrapper\" style=\"padding: 30px 30px 30px 30px;background-position:left top;background-repeat:no-repeat;-webkit-background-size:cover;-moz-background-size:cover;-o-background-size:cover;background-size:cover;\"  data-bg-url=\"\">\n\t\t\t\t\t\t<div class=\"fusion-text\"><p><iframe loading=\"lazy\" style=\"border: 0;\" src=\"https:\/\/www.google.com\/maps\/embed?pb=!1m18!1m12!1m3!1d3023.2650018777476!2d0.37076131485749747!3d40.73419404419535!2m3!1f0!2f0!3f0!3m2!1i1024!2i768!4f13.1!3m3!1m2!1s0x12a0f3e05d7320f1%3A0x49d52a9fe24b0967!2sMuseu+De+La+Pauma!5e0!3m2!1ses!2ses!4v1531215871222\" width=\"345\" height=\"430\" frameborder=\"0\" allowfullscreen=\"allowfullscreen\"><\/iframe>\n<\/div><div class=\"fusion-clearfix\"><\/div>\n\n\t\t\t\t\t<\/div>\n\t\t\t\t<\/div><\/div><\/div><div class=\"fusion-fullwidth fullwidth-box nonhundred-percent-fullwidth non-hundred-percent-height-scrolling\"  style='background-color: #ffffff;background-position: center center;background-repeat: no-repeat;padding-top:0px;padding-right:0px;padding-bottom:0px;padding-left:0px;'><div class=\"fusion-builder-row fusion-row \"><div  class=\"fusion-layout-column fusion_builder_column fusion_builder_column_1_1  fusion-one-full fusion-column-first fusion-column-last 1_1\"  style='margin-top:0px;margin-bottom:0px;'>\n\t\t\t\t\t<div class=\"fusion-column-wrapper\" style=\"padding: 0px 0px 0px 0px;background-position:left top;background-repeat:no-repeat;-webkit-background-size:cover;-moz-background-size:cover;-o-background-size:cover;background-size:cover;\"  data-bg-url=\"\">\n\t\t\t\t\t\t<div class=\"fusion-text\">\n<\/div><div class=\"fusion-clearfix\"><\/div>\n\n\t\t\t\t\t<\/div>\n\t\t\t\t<\/div><\/div><\/div>","protected":false},"excerpt":{"rendered":"","protected":false},"author":1,"featured_media":0,"parent":0,"menu_order":0,"comment_status":"closed","ping_status":"closed","template":"100-width.php","meta":{"_uf_show_specific_survey":0,"_uf_disable_surveys":false,"footnotes":""},"class_list":["post-963","page","type-page","status-publish","hentry"],"_links":{"self":[{"href":"https:\/\/cdrmuseudelapauma.cat\/worpre\/wp-json\/wp\/v2\/pages\/963","targetHints":{"allow":["GET"]}}],"collection":[{"href":"https:\/\/cdrmuseudelapauma.cat\/worpre\/wp-json\/wp\/v2\/pages"}],"about":[{"href":"https:\/\/cdrmuseudelapauma.cat\/worpre\/wp-json\/wp\/v2\/types\/page"}],"author":[{"embeddable":true,"href":"https:\/\/cdrmuseudelapauma.cat\/worpre\/wp-json\/wp\/v2\/users\/1"}],"replies":[{"embeddable":true,"href":"https:\/\/cdrmuseudelapauma.cat\/worpre\/wp-json\/wp\/v2\/comments?post=963"}],"version-history":[{"count":154,"href":"https:\/\/cdrmuseudelapauma.cat\/worpre\/wp-json\/wp\/v2\/pages\/963\/revisions"}],"predecessor-version":[{"id":8297,"href":"https:\/\/cdrmuseudelapauma.cat\/worpre\/wp-json\/wp\/v2\/pages\/963\/revisions\/8297"}],"wp:attachment":[{"href":"https:\/\/cdrmuseudelapauma.cat\/worpre\/wp-json\/wp\/v2\/media?parent=963"}],"curies":[{"name":"wp","href":"https:\/\/api.w.org\/{rel}","templated":true}]}}

<div class="fusion-fullwidth fullwidth-box hundred-percent-fullwidth non-hundred-percent-height-scrolling fusion-equal-height-columns"  style='background-color: #ffffff;background-position: center center;background-repeat: no-repeat;padding-top:0px;padding-right:0px;padding-bottom:0px;padding-left:0px;'><div class="fusion-builder-row fusion-row "><div  class="fusion-layout-column fusion_builder_column fusion_builder_column_2_3  fusion-two-third fusion-column-first 2_3"  style='margin-top:0px;margin-bottom:0px;'>
					<div class="fusion-column-wrapper" style="padding: 30px 30px 30px 30px;background-position:left top;background-repeat:no-repeat;-webkit-background-size:cover;-moz-background-size:cover;-o-background-size:cover;background-size:cover;"  data-bg-url="">
						<div class="fusion-title title fusion-title-size-three" style="margin-top:0px;margin-bottom:20px;"><h3 class="title-heading-left">El museu de la <em>pauma</em></h3><div class="title-sep-container"><div class="title-sep sep-single" style="border-color:#e0dede;"></div></div></div><div class="fusion-text"><p>El Centre de Desenvolupament Rural. Museu de la Pauma de Mas de Barberans es va inaugurar al maig del 2010 com un espai destinat a la realització d’accions que afavoreixin i diversifiquin el desenvolupament econòmic local i territorial, així com la posada en valor d’una part del patrimoni etnològic autòcton que és el treball de la pauma.</p>
<p>Per no oblidar el tarannà del desenvolupament rural s’ha inclòs el col·lectiu d’artesanes en actiu, sorgit dels cursos de formació, en el funcionament del centre. El centre externalitza els tallers al col·lectiu d’artesanes i sempre és possible la demostració d’ofici per part d’una d’elles, així com la compra i encàrrecs personalitzats de peces d’artesania de la pauma a la botiga del Museu.</p>
<p>Activitats com la recerca, el programa pedagògic de transmissió de l’ofici, la creació de nous productes conjugant la tradició i la modernitat, les demostracions artesanals, tallers en diferents fibres vegetals, tallers d’aprendre a llatar adaptats a diferents edats i diferents nivells, prestació de diferents serveis: consulta i prèstec de peces tant del fons fotogràfic com del fons de peces,exposcions permanents, exposicions temporals …conviuen dins del Museu.</p>
</div><div class="fusion-clearfix"></div>

					</div>
				</div><div  class="fusion-layout-column fusion_builder_column fusion_builder_column_1_3  fusion-one-third fusion-column-last 1_3"  style='margin-top:0px;margin-bottom:0px;'>
					<div class="fusion-column-wrapper" style="padding: 0px 0px 0px 0px;background-image: url('https://cdrmuseudelapauma.cat/worpre/wp-content/uploads/2019/01/foto-pauma-2.jpg');background-position:center center;background-repeat:no-repeat;-webkit-background-size:cover;-moz-background-size:cover;-o-background-size:cover;background-size:cover;"  data-bg-url="https://cdrmuseudelapauma.cat/worpre/wp-content/uploads/2019/01/foto-pauma-2.jpg">
						<div class="fusion-clearfix"></div>

					</div>
				</div></div></div><div class="fusion-fullwidth fullwidth-box hundred-percent-fullwidth non-hundred-percent-height-scrolling fusion-equal-height-columns"  style='background-color: #f6f6f6;background-position: center center;background-repeat: no-repeat;padding-top:0px;padding-right:0px;padding-bottom:0px;padding-left:0px;'><div class="fusion-builder-row fusion-row "><div  class="fusion-layout-column fusion_builder_column fusion_builder_column_1_3  fusion-one-third fusion-column-first 1_3"  style='margin-top:0px;margin-bottom:0px;'>
					<div class="fusion-column-wrapper" style="padding: 0px 0px 0px 0px;background-image: url('https://cdrmuseudelapauma.cat/worpre/wp-content/uploads/2019/01/foto-pauma.jpg');background-position:center center;background-repeat:no-repeat;-webkit-background-size:cover;-moz-background-size:cover;-o-background-size:cover;background-size:cover;"  data-bg-url="https://cdrmuseudelapauma.cat/worpre/wp-content/uploads/2019/01/foto-pauma.jpg">
						<div class="fusion-clearfix"></div>

					</div>
				</div><div  class="fusion-layout-column fusion_builder_column fusion_builder_column_2_3  fusion-two-third fusion-column-last 2_3"  style='margin-top:0px;margin-bottom:0px;'>
					<div class="fusion-column-wrapper" style="padding: 30px 30px 30px 30px;background-position:left top;background-repeat:no-repeat;-webkit-background-size:cover;-moz-background-size:cover;-o-background-size:cover;background-size:cover;"  data-bg-url="">
						<div class="fusion-title title fusion-title-size-three" style="margin-top:0px;margin-bottom:20px;"><h3 class="title-heading-left">Horaris i preus</h3><div class="title-sep-container"><div class="title-sep sep-single" style="border-color:#e0dede;"></div></div></div><div class="fusion-text"><p> <strong style="font-size: revert; color: initial;">Horari:</strong>
<p>De dimarts a diumenge, de  9:30 a 14:00 h.</p>
<p><span style="color: #000000;"><strong>Tancat:</strong></span></p>
<p>Tots els dilluns no festius de l’any.</p>
<p>Els dies 1 i 6 de gener, 25 i 26 d’abril i 25 i 26 de desembre</p>
<p>Es poden concertar visites guiades i tallers a la carta al correu: info@cdrmuseudelapauma.cat o al telèfon 977053778</p>
<h4><strong>Preus:</strong></h4>
<ul>
<li>2&#8217;00 € -&gt; entrada normal</li>
<li>1&#8217;50 € -&gt; entrada preu reduït *</li>
<li>2&#8217;50 € -&gt; visita guiada</li>
<li>1&#8217;50 € -&gt; visita guiada preu reduït **</li>
</ul>
<div>
<p>* Tenen dret a la tarifa reduïda: persones entre 6 i 18 anys; grups de 15 o més; famílies monoparentals; majors de 65 anys; famílies nombroses; aturats.<br />** Grups de 15 persones o més.<br />Tenen dret a gratuïtat: menors de 5 anys; residents a Mas de Barberans; persones discapacitades.</p>
<p><strong>Compromesos amb el turisme sostenible al Parc Natural dels Ports</strong></p>
<p>Des del 2024 el Centre de Desenvolupament Rural Museu de la Pauma està acreditat amb la <strong>Carta Europea de Turisme Sostenible (CETS)</strong>, una iniciativa impulsada per la Federació EUROPARC que promou un turisme responsable als espais naturals protegits. Aquesta acreditació reconeix el nostre <strong>compromís amb la sostenibilitat ambiental, el desenvolupament local i la conservació del patrimoni natural i cultural</strong>.<br />Col·laborem amb el <strong>Parc Natural dels Ports</strong> per oferir experiències turístiques de qualitat, respectuoses amb l&#8217;entorn i amb les persones que hi viuen, contribuint a preservar aquest territori únic perquè en puguem gaudir avui i demà.</p>

<p><img loading="lazy" decoding="async" class="alignnone size-medium wp-image-8141" src="https://cdrmuseudelapauma.cat/worpre/wp-content/uploads/2025/11/Catalan_Charter-Logo-Partners_transp-300x138.png" alt="" width="300" height="138" srcset="https://cdrmuseudelapauma.cat/worpre/wp-content/uploads/2025/11/Catalan_Charter-Logo-Partners_transp-200x92.png 200w, https://cdrmuseudelapauma.cat/worpre/wp-content/uploads/2025/11/Catalan_Charter-Logo-Partners_transp-300x138.png 300w, https://cdrmuseudelapauma.cat/worpre/wp-content/uploads/2025/11/Catalan_Charter-Logo-Partners_transp-400x184.png 400w, https://cdrmuseudelapauma.cat/worpre/wp-content/uploads/2025/11/Catalan_Charter-Logo-Partners_transp-600x277.png 600w, https://cdrmuseudelapauma.cat/worpre/wp-content/uploads/2025/11/Catalan_Charter-Logo-Partners_transp.png 640w" sizes="auto, (max-width: 300px) 100vw, 300px" /></p>
</div>
</div><div class="fusion-clearfix"></div>

					</div>
				</div></div></div><div class="fusion-fullwidth fullwidth-box hundred-percent-fullwidth non-hundred-percent-height-scrolling fusion-equal-height-columns"  style='background-color: #ffffff;background-position: center center;background-repeat: no-repeat;padding-top:0px;padding-right:0px;padding-bottom:0px;padding-left:0px;'><div class="fusion-builder-row fusion-row "><div  class="fusion-layout-column fusion_builder_column fusion_builder_column_2_3  fusion-two-third fusion-column-first 2_3"  style='margin-top:0px;margin-bottom:0px;'>
					<div class="fusion-column-wrapper" style="padding: 30px 30px 30px 30px;background-position:left top;background-repeat:no-repeat;-webkit-background-size:cover;-moz-background-size:cover;-o-background-size:cover;background-size:cover;"  data-bg-url="">
						<div class="fusion-title title fusion-title-size-three" style="margin-top:0px;margin-bottom:20px;"><h3 class="title-heading-left">Com arribar</h3><div class="title-sep-container"><div class="title-sep sep-single" style="border-color:#e0dede;"></div></div></div><div class="fusion-text"><p>Mas de Barberans està situat a la comarca del Montsià, província de Tarragona, i a 25Km aprox. de les províncies de Terol i Castelló. Algunes de les poblacions properes més conegudes són Tortosa, Amposta, La Ràpita, Ulldecona, o la Sénia entre d&#8217;altres. També estan a prop: Beseit, Arnes, i Horta de Sant Joan, que queden darrera el Massís dels Ports.</p>
<ul>
<li>Venint del nord, cal anar per l&#8217;eix de l&#8217;Ebre (ctra. C-12) fins a Tortosa. Després T-3421 fins Mas de Barberans.</li>
<li>Venint del nord-est, des de Tarragona o Barcelona, cal sortir per l&#8217;autopista a l&#8217;altura de Tortosa/l&#8217;Aldea, o a Amposta.</li>
<li>Si es ve del sud, es pot arribar passant per Ulldecona, Sant Rafel del Riu i la Sénia.</li>
</ul>
<p>Per arribar a Mas de Barberans en transport públic hi ha servei d’<strong>autobús</strong>, podeu consultar els horaris al següent enlllaç:</p>
<div class="wp-block-columns">
<div class="wp-block-column"><a class="lsvr-feature__title-link" href="http://www.hife.es/">WEB: Hife, línies urbanes de bus</a></div>
<div> </div>
<div class="wp-block-column">S’ofereix servei de <strong>taxi </strong>les 24 hores.</div>
</div>
</div><div class="fusion-clearfix"></div>

					</div>
				</div><div  class="fusion-layout-column fusion_builder_column fusion_builder_column_1_3  fusion-one-third fusion-column-last 1_3"  style='margin-top:0px;margin-bottom:0px;'>
					<div class="fusion-column-wrapper" style="padding: 30px 30px 30px 30px;background-position:left top;background-repeat:no-repeat;-webkit-background-size:cover;-moz-background-size:cover;-o-background-size:cover;background-size:cover;"  data-bg-url="">
						<div class="fusion-text"><p><iframe loading="lazy" style="border: 0;" src="https://www.google.com/maps/embed?pb=!1m18!1m12!1m3!1d3023.2650018777476!2d0.37076131485749747!3d40.73419404419535!2m3!1f0!2f0!3f0!3m2!1i1024!2i768!4f13.1!3m3!1m2!1s0x12a0f3e05d7320f1%3A0x49d52a9fe24b0967!2sMuseu+De+La+Pauma!5e0!3m2!1ses!2ses!4v1531215871222" width="345" height="430" frameborder="0" allowfullscreen="allowfullscreen"></iframe>
</div><div class="fusion-clearfix"></div>

					</div>
				</div></div></div><div class="fusion-fullwidth fullwidth-box nonhundred-percent-fullwidth non-hundred-percent-height-scrolling"  style='background-color: #ffffff;background-position: center center;background-repeat: no-repeat;padding-top:0px;padding-right:0px;padding-bottom:0px;padding-left:0px;'><div class="fusion-builder-row fusion-row "><div  class="fusion-layout-column fusion_builder_column fusion_builder_column_1_1  fusion-one-full fusion-column-first fusion-column-last 1_1"  style='margin-top:0px;margin-bottom:0px;'>
					<div class="fusion-column-wrapper" style="padding: 0px 0px 0px 0px;background-position:left top;background-repeat:no-repeat;-webkit-background-size:cover;-moz-background-size:cover;-o-background-size:cover;background-size:cover;"  data-bg-url="">
						<div class="fusion-text">
</div><div class="fusion-clearfix"></div>

					</div>
				</div></div></div>
